 Suppose 4*v + k = 6*v. What is the units digit of -10 - -16 - 0/v?
6
Suppose -22*g + 86*g - 38208 = 0. What is the tens digit of g?
9
Let n(b) = -b**3 - 10*b**2 - 17*b - 5. Let f be n(-8). Suppose 550 = 2*r + f*r. What is the units digit of r?
0
Let w(i) = -i**3 + 8*i**2 + 9*i + 8. Let g be w(9). Let z be (g/(-6) + 1)*6. What is the tens digit of 2/z*(-5 - 26)?
3
Let s be (8/(-10))/(4/(-30)). Let f be ((-136)/s)/((-2)/3). Suppose 3*j - f = -3*k + 2*k, -96 = -4*k - 2*j. What is the units digit of k?
2
Let w be 6626/(-12) + (-1)/(-6). Let t = 99 + -69. What is the units digit of 2/(-5) - w/t?
8
Let w = 13 + -6. Suppose -w*v + 11*v - 16 = 0. Suppose -v*d + 100 = d. What is the tens digit of d?
2
Let h be (14/(-35))/((-1)/(-5)). Let b be 15/h*(-7 - -5). Let o = -11 + b. What is the units digit of o?
4
What is the hundreds digit of 9/(-6)*(-221032)/84?
9
Suppose -468*x - 1980 = -471*x. What is the hundreds digit of x?
6
Suppose 0 = 3*z + 3*g - 3826 - 1445, -g = -z + 1751. What is the thousands digit of z?
1
Let w(d) = 16 + 6*d**2 + 13*d**2 + 2 - 18*d**2 - d**3. Let o(x) = -x + 1. Let r be o(1). What is the tens digit of w(r)?
1
Let j(g) = -g**3 + 3*g + 4. Let n(h) = h**3 - 3. Suppose -2*i - 5*z + 5 = 0, 5*z + 4 = -3*i + 9. Let x be n(i). What is the tens digit of j(x)?
2
Let k(a) be the third derivative of -1/60*a**5 + 9*a**2 + 0 + 0*a + 11/24*a**4 + 8/3*a**3. What is the units digit of k(12)?
4
Let b be (-32)/(-3)*117/12. Suppose b = 4*n - 132. What is the tens digit of n?
5
Let a(t) = t**3 - 31*t**2 - 10*t + 12. What is the units digit of a(33)?
0
Let p(j) = 7*j - 6. Let i be p(1). What is the units digit of (-8)/(-12)*i*(-3 + 345)?
8
Let o = -20 + 25. Suppose -4100 = o*w - 3*k, -2*w + 2*k - 4*k = 1640. What is the units digit of (-8)/14 - w/14?
8
Let d = -103 - -205. Suppose 2*w = 2*s + d, 3*w + 259 = 8*w - s. Suppose 2*z - 41 = 5*i, 2*z = 3*i - 1 + w. What is the tens digit of z?
3
Suppose -4*i + 4172 = -2*o, -3*i + o = -3275 + 144. What is the thousands digit of i?
1
Suppose -121*d + 68*d = -261343. What is the tens digit of d?
3
Let c(w) = -9*w**2 - 9*w - 8. Let m(f) = -4*f**2 - 5*f - 4. Let z(d) = 3*c(d) - 7*m(d). Let p(n) = 2*n - 2. Let t be p(3). What is the tens digit of z(t)?
5
What is the units digit of (-2)/(-6) - -11002*(-1)/(-6)?
4
Suppose 3*r = 3*w - 3036, -4*r + r = -6. What is the units digit of w?
4
Let j(p) = p**3 - 4*p**2 + p. Let u be j(2). Let y be 36/16*(-8)/u. Suppose 0 = 5*x + 2*h + 7 - 37, y*x - 3*h = -3. What is the units digit of x?
4
Let v = -15 - -7. Let t(h) = -5*h - 9. Let q(w) = -3*w - 4. Let b(j) = 7*q(j) - 4*t(j). What is the tens digit of b(v)?
1
Let t(j) = 122*j - 5. Let v(b) = -24*b + 1. Let n(o) = 2*t(o) + 11*v(o). Suppose -5*q - 11 = -2*q - 4*k, 0 = -2*k + 4. What is the units digit of n(q)?
1
Let g(y) = 377*y**3 - y. What is the tens digit of g(1)?
7
Let i(u) = 4*u - 7. Suppose -h + 15 = 4*h. Let a be i(h). Let j(r) = r**3 - 6*r**2 + 5*r + 4. What is the units digit of j(a)?
4
Let m = 175 + -110. Suppose -56 = -q + m. What is the hundreds digit of q?
1
Let g(h) = -2*h + 17. Let x(c) = 2*c + 7. Let s be x(0). What is the units digit of g(s)?
3
Suppose -4*z + 12 = -z. Let l = -103 - -102. What is the units digit of -2 + l + 28/z?
4
Let g(z) = -4*z + 10. Let d be g(3). Let q(m) = -6*m**3 + m**2 + 5*m + 3. What is the tens digit of q(d)?
4
Let a be (9 - 8)*(-2 + 3). Suppose 11 = 3*g + p - 0*p, -p + a = g. Suppose g*x - 273 = -58. What is the tens digit of x?
4
Let s be ((-6)/(-15))/((-7)/350). Let o = 100 + s. What is the tens digit of o?
8
Let u = -2970 - -4524. What is the units digit of u?
4
Let o = 2 + -4. Let l be (-2)/(o/2) - 28. Let d = -10 - l. What is the tens digit of d?
1
Suppose 2*n + 3*y = 319, 2*y - 160 = 22*n - 23*n. What is the tens digit of n?
5
Let f(k) = k + 23. Let y be f(-20). Suppose 0 = 5*g + 3*o - 715, 2*o + 27 = -y*g + 457. What is the tens digit of g?
4
Let y = 97 - -429. What is the units digit of y?
6
Let g = 26 + -40. Let b = g - -20. What is the units digit of b?
6
What is the hundreds digit of (-7845)/(-39) - 1 - (-122)/(-793)?
2
Let g be (27/15)/((-18)/(-150)). Let w(l) = l + 9. What is the tens digit of w(g)?
2
Let k(a) be the third derivative of -a**6/120 + a**5/12 + a**4/6 + 2*a**3/3 + 2*a**2. Let y(t) = t**2 + t - 2. Let r be y(-3). What is the units digit of k(r)?
6
Suppose 0 = 2*w - 3*i + 19, -2*w + i + 0*i = 21. Let q(p) = -p**2 - 15*p + 4. Let t be q(w). Suppose t = 14*m - 10*m. What is the tens digit of m?
1
Suppose 21*p = 7*p + 18984. What is the tens digit of p?
5
Let m = 1336 + -908. What is the tens digit of m?
2
Let i(l) = -4*l - 5. Let z(d) = 9*d + 9. Let s(o) = -7*i(o) - 4*z(o). Suppose 0 = 13*w - 14*w - 1. What is the units digit of s(w)?
7
Suppose -2*w + 0*w = 0, 0 = x + 5*w - 2410. What is the hundreds digit of x?
4
Let p = -3043 + 5234. What is the tens digit of p?
9
Let s be 1 + -3 - (-2 - 0). Suppose 0 = 2*y + 4*k + k + 17, -1 = -k. Let m = s - y. What is the units digit of m?
1
Let v = 2542 - 1182. What is the thousands digit of v?
1
Let g(s) = 2*s - 10. Let f be g(7). Let t = f + 0. What is the units digit of 3/(-6)*t*-7?
4
Let i(r) = r**2 - 13*r - 54. Let k(b) = 3*b**2 - 40*b - 162. Let h(t) = 17*i(t) - 6*k(t). What is the units digit of h(17)?
8
Let l(z) = z**3 + 9*z**2 - 2*z - 16. Let i be l(-9). Suppose -i*q - 10 = -24. What is the units digit of (-22)/(-77) + 544/q?
8
Let u(l) = -15*l - 69. What is the tens digit of u(-16)?
7
Let i(h) = h**3 + 3*h**2 - 3*h + 1. Let b = 15 + -18. Let p be i(b). Suppose -k + 7 = 2*d - 10, p = d - k. What is the units digit of d?
9
Let b(r) = -r + 14. Let o be b(11). Suppose 3*y - p - 9 = 0, y - o*p = -7*p + 3. Let n = 32 - y. What is the tens digit of n?
2
Suppose 3*d = 16*d + 52. Let v(g) = -g**3 + 4*g**2 - g - 4. What is the hundreds digit of v(d)?
1
Let f(g) = -g**2 - 3*g - 3. Let i be f(-2). Let z(a) = -29*a - 1. Let k be z(i). What is the units digit of (6/(-7))/((-8)/k)?
3
Suppose -4*v + 3*t = -4713 - 1574, 2*v = -3*t + 3121. What is the tens digit of v?
6
Suppose -21*j + 17*j + 5*f = -1833, -2*j = -5*f - 919. What is the units digit of j?
7
Let c = -37 + 55. Suppose -6 - c = -6*x. What is the units digit of x?
4
Let p = -119 + 116. What is the units digit of 1390/6 + p/(-9)?
2
Let v(j) = -4*j + 55. What is the tens digit of v(3)?
4
Let m(n) = n**2 + 11*n + 30. Let f be m(-6). What is the units digit of (-3 + 4 + f)*13?
3
Suppose -457 = -3*h + h - 5*c, 226 = h + 3*c. What is the hundreds digit of h?
2
Let h be (-22)/(-6) + (-10)/15. Suppose -6*m + 18 = -h*m. Suppose -2*v + m = -0, 35 = 5*u - 5*v. What is the units digit of u?
0
Suppose 3*u + 0*u - 4*s - 12838 = 0, 0 = -4*u + 2*s + 17114. What is the tens digit of 2/13 - u/(-78)?
5
Let b = 1079 - 281. What is the hundreds digit of b?
7
Suppose 0 = 3*s + v - 584, 2*s - 386 = 7*v - 11*v. What is the hundreds digit of s?
1
Suppose 120 = -s + 2*v, -5*s - 208 - 347 = -v. Let p = s + 195. What is the tens digit of p?
8
What is the tens digit of 671 - (-1 + -9 + 4)?
7
Suppose 10*b - 11*b + 1007 = -5*v, 5*b + 2*v - 4900 = 0. What is the tens digit of b?
8
Let p(b) = -101*b + 751. What is the thousands digit of p(-30)?
3
Let x = 1803 - 471. What is the tens digit of x?
3
Suppose 9 = -4*d + 33. Suppose -d*k + 4*k + 188 = 0. What is the units digit of k?
4
Let s(q) = -q**2 - 7. Let g(w) = 2*w**2 + w + 20. Let i(j) = -4*g(j) - 11*s(j). What is the hundreds digit of i(-6)?
1
Let t = 1652 - 1217. What is the units digit of t?
5
Let y(m) = -92*m + 46. What is the units digit of y(-2)?
0
Let x(v) = -v**3 - 5*v**2 - 5*v. Let d = -19 + 17. Let p be x(d). What is the units digit of 1167/18 - p/12?
5
Suppose 0 = h + 2*m + 6, -6*h - m - 10 = -2*h. What is the tens digit of (6/5)/(h/(-65))?
3
Suppose -2*d + 2*t + 1 = -9, -3*t = -2*d + 11. Suppose -5*x - 4*l + 550 = 0, d*x - 5*l - 285 = 155. What is the units digit of x?
0
Suppose 4*x + 3*z - 1220 = -218, -x + 256 = -2*z. What is the tens digit of x?
5
Let y(w) = w**2 - 7*w + 15. Let g be y(6). What is the units digit of g/((-3)/(-1))*3?
9
Let d be 4 + (-1 - 1) + 295. Let w = -132 + d. What is the hundreds digit of w?
1
Let c(p) = -2*p**3 - p**2 + 6*p - 6. Let w be c(-5). Suppose -14 + w = 5*v. What is the units digit of v?
5
Let c